{"id":7487,"date":"2025-11-08T18:32:50","date_gmt":"2025-11-08T17:32:50","guid":{"rendered":"https:\/\/www.litho-spheres.com\/?page_id=7487"},"modified":"2025-11-08T18:33:40","modified_gmt":"2025-11-08T17:33:40","slug":"chapelets","status":"publish","type":"page","link":"https:\/\/www.litho-spheres.com\/index.php\/chapelets\/","title":{"rendered":"Chapelets"},"content":{"rendered":"\t\t<div data-elementor-type=\"wp-page\" data-elementor-id=\"7487\" class=\"elementor elementor-7487\">\n\t\t\t\t\t\t\t\t\t<section class=\"elementor-section elementor-top-section elementor-element elementor-element-a6c0d28 elementor-section-boxed elementor-section-height-default elementor-section-height-default\" data-id=\"a6c0d28\" data-element_type=\"section\">\n\t\t\t\t\t\t<div class=\"elementor-container elementor-column-gap-default\">\n\t\t\t\t\t<div class=\"elementor-column elementor-col-33 elementor-top-column elementor-element elementor-element-07af452\" data-id=\"07af452\" data-element_type=\"column\">\n\t\t\t<div class=\"elementor-widget-wrap elementor-element-populated\">\n\t\t\t\t\t\t\t\t<div class=\"elementor-element elementor-element-272ea1c elementor-widget elementor-widget-image\" data-id=\"272ea1c\" data-element_type=\"widget\" data-widget_type=\"image.default\">\n\t\t\t\t<div class=\"elementor-widget-container\">\n\t\t\t<style>\/*! elementor - v3.7.8 - 02-10-2022 *\/\n.elementor-widget-image{text-align:center}.elementor-widget-image a{display:inline-block}.elementor-widget-image a img[src$=\".svg\"]{width:48px}.elementor-widget-image img{vertical-align:middle;display:inline-block}<\/style>\t\t\t\t\t\t\t\t\t\t\t\t\t<a href=\"https:\/\/www.litho-spheres.com\/wp-content\/uploads\/2025\/06\/Chapelet01-scaled.jpg\" data-elementor-open-lightbox=\"yes\" data-elementor-lightbox-title=\"Chapelet01\" e-action-hash=\"#elementor-action%3Aaction%3Dlightbox%26settings%3DeyJpZCI6NzM0MCwidXJsIjoiaHR0cHM6XC9cL3d3dy5saXRoby1zcGhlcmVzLmNvbVwvd3AtY29udGVudFwvdXBsb2Fkc1wvMjAyNVwvMDZcL0NoYXBlbGV0MDEtc2NhbGVkLmpwZyJ9\">\n\t\t\t\t\t\t\t<img loading=\"lazy\" decoding=\"async\" width=\"461\" height=\"1024\" src=\"https:\/\/www.litho-spheres.com\/wp-content\/uploads\/2025\/06\/Chapelet01-461x1024.jpg\" class=\"attachment-large size-large\" alt=\"\" srcset=\"https:\/\/www.litho-spheres.com\/wp-content\/uploads\/2025\/06\/Chapelet01-461x1024.jpg 461w, https:\/\/www.litho-spheres.com\/wp-content\/uploads\/2025\/06\/Chapelet01-135x300.jpg 135w, https:\/\/www.litho-spheres.com\/wp-content\/uploads\/2025\/06\/Chapelet01-768x1707.jpg 768w, https:\/\/www.litho-spheres.com\/wp-content\/uploads\/2025\/06\/Chapelet01-691x1536.jpg 691w, https:\/\/www.litho-spheres.com\/wp-content\/uploads\/2025\/06\/Chapelet01-921x2048.jpg 921w, https:\/\/www.litho-spheres.com\/wp-content\/uploads\/2025\/06\/Chapelet01-600x1334.jpg 600w, https:\/\/www.litho-spheres.com\/wp-content\/uploads\/2025\/06\/Chapelet01-scaled.jpg 1152w\" sizes=\"auto, 100vw\" \/>\t\t\t\t\t\t\t\t<\/a>\n\t\t\t\t\t\t\t\t\t\t\t\t\t\t\t<\/div>\n\t\t\t\t<\/div>\n\t\t\t\t\t<\/div>\n\t\t<\/div>\n\t\t\t\t<div class=\"elementor-column elementor-col-33 elementor-top-column elementor-element elementor-element-910e2c5\" data-id=\"910e2c5\" data-element_type=\"column\">\n\t\t\t<div class=\"elementor-widget-wrap elementor-element-populated\">\n\t\t\t\t\t\t\t\t<div class=\"elementor-element elementor-element-497eb24 elementor-widget elementor-widget-text-editor\" data-id=\"497eb24\" data-element_type=\"widget\" data-widget_type=\"text-editor.default\">\n\t\t\t\t<div class=\"elementor-widget-container\">\n\t\t\t<style>\/*! elementor - v3.7.8 - 02-10-2022 *\/\n.elementor-widget-text-editor.elementor-drop-cap-view-stacked .elementor-drop-cap{background-color:#818a91;color:#fff}.elementor-widget-text-editor.elementor-drop-cap-view-framed .elementor-drop-cap{color:#818a91;border:3px solid;background-color:transparent}.elementor-widget-text-editor:not(.elementor-drop-cap-view-default) .elementor-drop-cap{margin-top:8px}.elementor-widget-text-editor:not(.elementor-drop-cap-view-default) .elementor-drop-cap-letter{width:1em;height:1em}.elementor-widget-text-editor .elementor-drop-cap{float:left;text-align:center;line-height:1;font-size:50px}.elementor-widget-text-editor .elementor-drop-cap-letter{display:inline-block}<\/style>\t\t\t\t<p>Cr\u00e9\u00e9 pour des occasions particuli\u00e8res ou pour le quotidien, cet exemple de chapelet chr\u00e9tien respecte l&rsquo;agencement attendu des perles dans ce genre d&rsquo;objet : <span class=\"BxUVEf ILfuVd\" lang=\"fr\"><span class=\"hgKElc\">5 s\u00e9ries de 10 perles, enfil\u00e9es les unes derri\u00e8res les autres, chaque s\u00e9rie \u00e9tant s\u00e9par\u00e9e des autres par une perle plus grosse. Il est termin\u00e9 par une croix introduite par 5 perles.<\/span><\/span><\/p><p>Disposant de perles de 4, 6, 8 voir 10 mm de diam\u00e8tre, il est possible d&rsquo;adapter le chapelet \u00e0 toute les mains.<\/p><p>La croix peut \u00eatre de tout type et est facilement interchangeable gr\u00e2ce \u00e0 un anneau de saut situ\u00e9 \u00e0 l&rsquo;extr\u00e9mit\u00e9 du chapelet.<\/p>\t\t\t\t\t\t<\/div>\n\t\t\t\t<\/div>\n\t\t\t\t\t<\/div>\n\t\t<\/div>\n\t\t\t\t<div class=\"elementor-column elementor-col-33 elementor-top-column elementor-element elementor-element-6894060\" data-id=\"6894060\" data-element_type=\"column\">\n\t\t\t<div class=\"elementor-widget-wrap elementor-element-populated\">\n\t\t\t\t\t\t\t\t<div class=\"elementor-element elementor-element-ca484d6 elementor-widget elementor-widget-image\" data-id=\"ca484d6\" data-element_type=\"widget\" data-widget_type=\"image.default\">\n\t\t\t\t<div class=\"elementor-widget-container\">\n\t\t\t\t\t\t\t\t\t\t\t\t\t\t\t\t<a href=\"https:\/\/www.litho-spheres.com\/wp-content\/uploads\/2025\/06\/Chapelet02-scaled.jpg\" data-elementor-open-lightbox=\"yes\" data-elementor-lightbox-title=\"Chapelet02\" e-action-hash=\"#elementor-action%3Aaction%3Dlightbox%26settings%3DeyJpZCI6NzM0MSwidXJsIjoiaHR0cHM6XC9cL3d3dy5saXRoby1zcGhlcmVzLmNvbVwvd3AtY29udGVudFwvdXBsb2Fkc1wvMjAyNVwvMDZcL0NoYXBlbGV0MDItc2NhbGVkLmpwZyJ9\">\n\t\t\t\t\t\t\t<img loading=\"lazy\" decoding=\"async\" width=\"461\" height=\"1024\" src=\"https:\/\/www.litho-spheres.com\/wp-content\/uploads\/2025\/06\/Chapelet02-461x1024.jpg\" class=\"attachment-large size-large\" alt=\"\" srcset=\"https:\/\/www.litho-spheres.com\/wp-content\/uploads\/2025\/06\/Chapelet02-461x1024.jpg 461w, https:\/\/www.litho-spheres.com\/wp-content\/uploads\/2025\/06\/Chapelet02-135x300.jpg 135w, https:\/\/www.litho-spheres.com\/wp-content\/uploads\/2025\/06\/Chapelet02-768x1707.jpg 768w, https:\/\/www.litho-spheres.com\/wp-content\/uploads\/2025\/06\/Chapelet02-691x1536.jpg 691w, https:\/\/www.litho-spheres.com\/wp-content\/uploads\/2025\/06\/Chapelet02-921x2048.jpg 921w, https:\/\/www.litho-spheres.com\/wp-content\/uploads\/2025\/06\/Chapelet02-600x1334.jpg 600w, https:\/\/www.litho-spheres.com\/wp-content\/uploads\/2025\/06\/Chapelet02-scaled.jpg 1152w\" sizes=\"auto, 100vw\" \/>\t\t\t\t\t\t\t\t<\/a>\n\t\t\t\t\t\t\t\t\t\t\t\t\t\t\t<\/div>\n\t\t\t\t<\/div>\n\t\t\t\t\t<\/div>\n\t\t<\/div>\n\t\t\t\t\t\t\t<\/div>\n\t\t<\/section>\n\t\t\t\t\t\t\t<\/div>\n\t\t","protected":false},"excerpt":{"rendered":"<p>Cr\u00e9\u00e9 pour des occasions particuli\u00e8res ou pour le quotidien, cet exemple de chapelet chr\u00e9tien respecte l&rsquo;agencement attendu des perles dans ce genre d&rsquo;objet : 5 s\u00e9ries de 10 perles, enfil\u00e9es les unes derri\u00e8res les autres, chaque s\u00e9rie \u00e9tant s\u00e9par\u00e9e des autres par une perle plus grosse. Il est termin\u00e9 par une croix introduite par 5 &hellip; <\/p>\n<p class=\"link-more\"><a href=\"https:\/\/www.litho-spheres.com\/index.php\/chapelets\/\" class=\"more-link\">Lire la suite de<span class=\"screen-reader-text\">\u00ab\u00a0Chapelets\u00a0\u00bb<\/span><\/a><\/p>\n","protected":false},"author":1,"featured_media":0,"parent":0,"menu_order":0,"comment_status":"closed","ping_status":"closed","template":"","meta":{"footnotes":""},"class_list":["post-7487","page","type-page","status-publish","hentry"],"featured_media_urls":[],"_links":{"self":[{"href":"https:\/\/www.litho-spheres.com\/index.php\/wp-json\/wp\/v2\/pages\/7487","targetHints":{"allow":["GET"]}}],"collection":[{"href":"https:\/\/www.litho-spheres.com\/index.php\/wp-json\/wp\/v2\/pages"}],"about":[{"href":"https:\/\/www.litho-spheres.com\/index.php\/wp-json\/wp\/v2\/types\/page"}],"author":[{"embeddable":true,"href":"https:\/\/www.litho-spheres.com\/index.php\/wp-json\/wp\/v2\/users\/1"}],"replies":[{"embeddable":true,"href":"https:\/\/www.litho-spheres.com\/index.php\/wp-json\/wp\/v2\/comments?post=7487"}],"version-history":[{"count":4,"href":"https:\/\/www.litho-spheres.com\/index.php\/wp-json\/wp\/v2\/pages\/7487\/revisions"}],"predecessor-version":[{"id":7491,"href":"https:\/\/www.litho-spheres.com\/index.php\/wp-json\/wp\/v2\/pages\/7487\/revisions\/7491"}],"wp:attachment":[{"href":"https:\/\/www.litho-spheres.com\/index.php\/wp-json\/wp\/v2\/media?parent=7487"}],"curies":[{"name":"wp","href":"https:\/\/api.w.org\/{rel}","templated":true}]}}