{"id":7482,"date":"2025-11-08T18:31:12","date_gmt":"2025-11-08T17:31:12","guid":{"rendered":"https:\/\/www.litho-spheres.com\/?page_id=7482"},"modified":"2025-11-08T18:32:19","modified_gmt":"2025-11-08T17:32:19","slug":"bagues","status":"publish","type":"page","link":"https:\/\/www.litho-spheres.com\/index.php\/bagues\/","title":{"rendered":"Bagues"},"content":{"rendered":"\t\t<div data-elementor-type=\"wp-page\" data-elementor-id=\"7482\" class=\"elementor elementor-7482\">\n\t\t\t\t\t\t\t\t\t<section class=\"elementor-section elementor-top-section elementor-element elementor-element-e82eced elementor-section-boxed elementor-section-height-default elementor-section-height-default\" data-id=\"e82eced\" data-element_type=\"section\">\n\t\t\t\t\t\t<div class=\"elementor-container elementor-column-gap-default\">\n\t\t\t\t\t<div class=\"elementor-column elementor-col-100 elementor-top-column elementor-element elementor-element-d231b31\" data-id=\"d231b31\" data-element_type=\"column\">\n\t\t\t<div class=\"elementor-widget-wrap elementor-element-populated\">\n\t\t\t\t\t\t\t\t<div class=\"elementor-element elementor-element-589049d elementor-widget elementor-widget-text-editor\" data-id=\"589049d\" data-element_type=\"widget\" data-widget_type=\"text-editor.default\">\n\t\t\t\t<div class=\"elementor-widget-container\">\n\t\t\t<style>\/*! elementor - v3.7.8 - 02-10-2022 *\/\n.elementor-widget-text-editor.elementor-drop-cap-view-stacked .elementor-drop-cap{background-color:#818a91;color:#fff}.elementor-widget-text-editor.elementor-drop-cap-view-framed .elementor-drop-cap{color:#818a91;border:3px solid;background-color:transparent}.elementor-widget-text-editor:not(.elementor-drop-cap-view-default) .elementor-drop-cap{margin-top:8px}.elementor-widget-text-editor:not(.elementor-drop-cap-view-default) .elementor-drop-cap-letter{width:1em;height:1em}.elementor-widget-text-editor .elementor-drop-cap{float:left;text-align:center;line-height:1;font-size:50px}.elementor-widget-text-editor .elementor-drop-cap-letter{display:inline-block}<\/style>\t\t\t\t<h3>Bagues :<\/h3>\t\t\t\t\t\t<\/div>\n\t\t\t\t<\/div>\n\t\t\t\t\t<\/div>\n\t\t<\/div>\n\t\t\t\t\t\t\t<\/div>\n\t\t<\/section>\n\t\t\t\t<section class=\"elementor-section elementor-top-section elementor-element elementor-element-2d7768c elementor-section-boxed elementor-section-height-default elementor-section-height-default\" data-id=\"2d7768c\" data-element_type=\"section\">\n\t\t\t\t\t\t<div class=\"elementor-container elementor-column-gap-default\">\n\t\t\t\t\t<div class=\"elementor-column elementor-col-100 elementor-top-column elementor-element elementor-element-79bb000\" data-id=\"79bb000\" data-element_type=\"column\">\n\t\t\t<div class=\"elementor-widget-wrap elementor-element-populated\">\n\t\t\t\t\t\t\t\t<div class=\"elementor-element elementor-element-d46e91e elementor-widget elementor-widget-text-editor\" data-id=\"d46e91e\" data-element_type=\"widget\" data-widget_type=\"text-editor.default\">\n\t\t\t\t<div class=\"elementor-widget-container\">\n\t\t\t\t\t\t\t<p>Toutes les bagues confectionn\u00e9es sont r\u00e9alis\u00e9es \u00e0 partir de monture inox ou argent 925 ajustable au niveau de la taille. Ces montures se d\u00e9clinent en version argent\u00e9e ou dor\u00e9e.<\/p><p>Concernant les cabochons, les tailles vont de 8 mm de diam\u00e8tre \u00e0 25 mm de longueur maximum pour certains cabochons ovales. Des formes rondes, ovales, rectangulaires et pyramidales sont possibles dans de nombreuses pierres diff\u00e9rentes.\u00a0<\/p>\t\t\t\t\t\t<\/div>\n\t\t\t\t<\/div>\n\t\t\t\t\t<\/div>\n\t\t<\/div>\n\t\t\t\t\t\t\t<\/div>\n\t\t<\/section>\n\t\t\t\t<section class=\"elementor-section elementor-top-section elementor-element elementor-element-9a7c397 elementor-section-boxed elementor-section-height-default elementor-section-height-default\" data-id=\"9a7c397\" data-element_type=\"section\">\n\t\t\t\t\t\t<div class=\"elementor-container elementor-column-gap-default\">\n\t\t\t\t\t<div class=\"elementor-column elementor-col-50 elementor-top-column elementor-element elementor-element-df2d2c5\" data-id=\"df2d2c5\" data-element_type=\"column\">\n\t\t\t<div class=\"elementor-widget-wrap elementor-element-populated\">\n\t\t\t\t\t\t\t\t<div class=\"elementor-element elementor-element-0bf3882 elementor-widget elementor-widget-image\" data-id=\"0bf3882\" data-element_type=\"widget\" data-widget_type=\"image.default\">\n\t\t\t\t<div class=\"elementor-widget-container\">\n\t\t\t<style>\/*! elementor - v3.7.8 - 02-10-2022 *\/\n.elementor-widget-image{text-align:center}.elementor-widget-image a{display:inline-block}.elementor-widget-image a img[src$=\".svg\"]{width:48px}.elementor-widget-image img{vertical-align:middle;display:inline-block}<\/style>\t\t\t\t\t\t\t\t\t\t\t\t\t<a href=\"https:\/\/www.litho-spheres.com\/wp-content\/uploads\/2025\/06\/Bagues01-scaled.jpg\" data-elementor-open-lightbox=\"yes\" data-elementor-lightbox-title=\"Bagues01\" e-action-hash=\"#elementor-action%3Aaction%3Dlightbox%26settings%3DeyJpZCI6NzM1NiwidXJsIjoiaHR0cHM6XC9cL3d3dy5saXRoby1zcGhlcmVzLmNvbVwvd3AtY29udGVudFwvdXBsb2Fkc1wvMjAyNVwvMDZcL0JhZ3VlczAxLXNjYWxlZC5qcGcifQ%3D%3D\">\n\t\t\t\t\t\t\t<img loading=\"lazy\" decoding=\"async\" width=\"950\" height=\"364\" src=\"https:\/\/www.litho-spheres.com\/wp-content\/uploads\/2025\/06\/Bagues01-1024x392.jpg\" class=\"attachment-large size-large\" alt=\"\" srcset=\"https:\/\/www.litho-spheres.com\/wp-content\/uploads\/2025\/06\/Bagues01-1024x392.jpg 1024w, https:\/\/www.litho-spheres.com\/wp-content\/uploads\/2025\/06\/Bagues01-300x115.jpg 300w, https:\/\/www.litho-spheres.com\/wp-content\/uploads\/2025\/06\/Bagues01-768x294.jpg 768w, https:\/\/www.litho-spheres.com\/wp-content\/uploads\/2025\/06\/Bagues01-1536x589.jpg 1536w, https:\/\/www.litho-spheres.com\/wp-content\/uploads\/2025\/06\/Bagues01-2048x785.jpg 2048w, https:\/\/www.litho-spheres.com\/wp-content\/uploads\/2025\/06\/Bagues01-2000x766.jpg 2000w, https:\/\/www.litho-spheres.com\/wp-content\/uploads\/2025\/06\/Bagues01-600x230.jpg 600w\" sizes=\"auto, 100vw\" \/>\t\t\t\t\t\t\t\t<\/a>\n\t\t\t\t\t\t\t\t\t\t\t\t\t\t\t<\/div>\n\t\t\t\t<\/div>\n\t\t\t\t\t<\/div>\n\t\t<\/div>\n\t\t\t\t<div class=\"elementor-column elementor-col-50 elementor-top-column elementor-element elementor-element-69b3519\" data-id=\"69b3519\" data-element_type=\"column\">\n\t\t\t<div class=\"elementor-widget-wrap elementor-element-populated\">\n\t\t\t\t\t\t\t\t<div class=\"elementor-element elementor-element-4ded086 elementor-widget elementor-widget-image\" data-id=\"4ded086\" data-element_type=\"widget\" data-widget_type=\"image.default\">\n\t\t\t\t<div class=\"elementor-widget-container\">\n\t\t\t\t\t\t\t\t\t\t\t\t\t\t\t\t<a href=\"https:\/\/www.litho-spheres.com\/wp-content\/uploads\/2025\/06\/Bagues02-scaled.jpg\" data-elementor-open-lightbox=\"yes\" data-elementor-lightbox-title=\"Bagues02\" e-action-hash=\"#elementor-action%3Aaction%3Dlightbox%26settings%3DeyJpZCI6NzM1NywidXJsIjoiaHR0cHM6XC9cL3d3dy5saXRoby1zcGhlcmVzLmNvbVwvd3AtY29udGVudFwvdXBsb2Fkc1wvMjAyNVwvMDZcL0JhZ3VlczAyLXNjYWxlZC5qcGcifQ%3D%3D\">\n\t\t\t\t\t\t\t<img loading=\"lazy\" decoding=\"async\" width=\"950\" height=\"533\" src=\"https:\/\/www.litho-spheres.com\/wp-content\/uploads\/2025\/06\/Bagues02-1024x574.jpg\" class=\"attachment-large size-large\" alt=\"\" srcset=\"https:\/\/www.litho-spheres.com\/wp-content\/uploads\/2025\/06\/Bagues02-1024x574.jpg 1024w, https:\/\/www.litho-spheres.com\/wp-content\/uploads\/2025\/06\/Bagues02-300x168.jpg 300w, https:\/\/www.litho-spheres.com\/wp-content\/uploads\/2025\/06\/Bagues02-768x430.jpg 768w, https:\/\/www.litho-spheres.com\/wp-content\/uploads\/2025\/06\/Bagues02-1536x860.jpg 1536w, https:\/\/www.litho-spheres.com\/wp-content\/uploads\/2025\/06\/Bagues02-2048x1147.jpg 2048w, https:\/\/www.litho-spheres.com\/wp-content\/uploads\/2025\/06\/Bagues02-2000x1120.jpg 2000w, https:\/\/www.litho-spheres.com\/wp-content\/uploads\/2025\/06\/Bagues02-600x336.jpg 600w\" sizes=\"auto, 100vw\" \/>\t\t\t\t\t\t\t\t<\/a>\n\t\t\t\t\t\t\t\t\t\t\t\t\t\t\t<\/div>\n\t\t\t\t<\/div>\n\t\t\t\t\t<\/div>\n\t\t<\/div>\n\t\t\t\t\t\t\t<\/div>\n\t\t<\/section>\n\t\t\t\t<section class=\"elementor-section elementor-top-section elementor-element elementor-element-8e3dd54 elementor-section-boxed elementor-section-height-default elementor-section-height-default\" data-id=\"8e3dd54\" data-element_type=\"section\">\n\t\t\t\t\t\t<div class=\"elementor-container elementor-column-gap-default\">\n\t\t\t\t\t<div class=\"elementor-column elementor-col-50 elementor-top-column elementor-element elementor-element-cbbead0\" data-id=\"cbbead0\" data-element_type=\"column\">\n\t\t\t<div class=\"elementor-widget-wrap elementor-element-populated\">\n\t\t\t\t\t\t\t\t<div class=\"elementor-element elementor-element-834407a elementor-widget elementor-widget-image\" data-id=\"834407a\" data-element_type=\"widget\" data-widget_type=\"image.default\">\n\t\t\t\t<div class=\"elementor-widget-container\">\n\t\t\t\t\t\t\t\t\t\t\t\t\t\t\t\t<a href=\"https:\/\/www.litho-spheres.com\/wp-content\/uploads\/2025\/06\/Bagues03.jpg\" data-elementor-open-lightbox=\"yes\" data-elementor-lightbox-title=\"Bagues03\" e-action-hash=\"#elementor-action%3Aaction%3Dlightbox%26settings%3DeyJpZCI6NzM1OCwidXJsIjoiaHR0cHM6XC9cL3d3dy5saXRoby1zcGhlcmVzLmNvbVwvd3AtY29udGVudFwvdXBsb2Fkc1wvMjAyNVwvMDZcL0JhZ3VlczAzLmpwZyJ9\">\n\t\t\t\t\t\t\t<img loading=\"lazy\" decoding=\"async\" width=\"950\" height=\"441\" src=\"https:\/\/www.litho-spheres.com\/wp-content\/uploads\/2025\/06\/Bagues03-1024x475.jpg\" class=\"attachment-large size-large\" alt=\"\" srcset=\"https:\/\/www.litho-spheres.com\/wp-content\/uploads\/2025\/06\/Bagues03-1024x475.jpg 1024w, https:\/\/www.litho-spheres.com\/wp-content\/uploads\/2025\/06\/Bagues03-300x139.jpg 300w, https:\/\/www.litho-spheres.com\/wp-content\/uploads\/2025\/06\/Bagues03-768x356.jpg 768w, https:\/\/www.litho-spheres.com\/wp-content\/uploads\/2025\/06\/Bagues03-1536x712.jpg 1536w, https:\/\/www.litho-spheres.com\/wp-content\/uploads\/2025\/06\/Bagues03-2048x949.jpg 2048w, https:\/\/www.litho-spheres.com\/wp-content\/uploads\/2025\/06\/Bagues03-2000x927.jpg 2000w, https:\/\/www.litho-spheres.com\/wp-content\/uploads\/2025\/06\/Bagues03-600x278.jpg 600w\" sizes=\"auto, 100vw\" \/>\t\t\t\t\t\t\t\t<\/a>\n\t\t\t\t\t\t\t\t\t\t\t\t\t\t\t<\/div>\n\t\t\t\t<\/div>\n\t\t\t\t\t<\/div>\n\t\t<\/div>\n\t\t\t\t<div class=\"elementor-column elementor-col-50 elementor-top-column elementor-element elementor-element-2f166cf\" data-id=\"2f166cf\" data-element_type=\"column\">\n\t\t\t<div class=\"elementor-widget-wrap elementor-element-populated\">\n\t\t\t\t\t\t\t\t<div class=\"elementor-element elementor-element-d29cfa2 elementor-widget elementor-widget-image\" data-id=\"d29cfa2\" data-element_type=\"widget\" data-widget_type=\"image.default\">\n\t\t\t\t<div class=\"elementor-widget-container\">\n\t\t\t\t\t\t\t\t\t\t\t\t\t\t\t\t<a href=\"https:\/\/www.litho-spheres.com\/wp-content\/uploads\/2025\/06\/Bagues04.jpg\" data-elementor-open-lightbox=\"yes\" data-elementor-lightbox-title=\"Bagues04\" e-action-hash=\"#elementor-action%3Aaction%3Dlightbox%26settings%3DeyJpZCI6NzM1OSwidXJsIjoiaHR0cHM6XC9cL3d3dy5saXRoby1zcGhlcmVzLmNvbVwvd3AtY29udGVudFwvdXBsb2Fkc1wvMjAyNVwvMDZcL0JhZ3VlczA0LmpwZyJ9\">\n\t\t\t\t\t\t\t<img loading=\"lazy\" decoding=\"async\" width=\"950\" height=\"540\" src=\"https:\/\/www.litho-spheres.com\/wp-content\/uploads\/2025\/06\/Bagues04-1024x582.jpg\" class=\"attachment-large size-large\" alt=\"\" srcset=\"https:\/\/www.litho-spheres.com\/wp-content\/uploads\/2025\/06\/Bagues04-1024x582.jpg 1024w, https:\/\/www.litho-spheres.com\/wp-content\/uploads\/2025\/06\/Bagues04-300x170.jpg 300w, https:\/\/www.litho-spheres.com\/wp-content\/uploads\/2025\/06\/Bagues04-768x436.jpg 768w, https:\/\/www.litho-spheres.com\/wp-content\/uploads\/2025\/06\/Bagues04-1536x873.jpg 1536w, https:\/\/www.litho-spheres.com\/wp-content\/uploads\/2025\/06\/Bagues04-2000x1137.jpg 2000w, https:\/\/www.litho-spheres.com\/wp-content\/uploads\/2025\/06\/Bagues04-600x341.jpg 600w, https:\/\/www.litho-spheres.com\/wp-content\/uploads\/2025\/06\/Bagues04.jpg 2029w\" sizes=\"auto, 100vw\" \/>\t\t\t\t\t\t\t\t<\/a>\n\t\t\t\t\t\t\t\t\t\t\t\t\t\t\t<\/div>\n\t\t\t\t<\/div>\n\t\t\t\t\t<\/div>\n\t\t<\/div>\n\t\t\t\t\t\t\t<\/div>\n\t\t<\/section>\n\t\t\t\t\t\t\t<\/div>\n\t\t","protected":false},"excerpt":{"rendered":"<p>Bagues : Toutes les bagues confectionn\u00e9es sont r\u00e9alis\u00e9es \u00e0 partir de monture inox ou argent 925 ajustable au niveau de la taille. Ces montures se d\u00e9clinent en version argent\u00e9e ou dor\u00e9e. Concernant les cabochons, les tailles vont de 8 mm de diam\u00e8tre \u00e0 25 mm de longueur maximum pour certains cabochons ovales. Des formes rondes, &hellip; <\/p>\n<p class=\"link-more\"><a href=\"https:\/\/www.litho-spheres.com\/index.php\/bagues\/\" class=\"more-link\">Lire la suite de<span class=\"screen-reader-text\">\u00ab\u00a0Bagues\u00a0\u00bb<\/span><\/a><\/p>\n","protected":false},"author":1,"featured_media":0,"parent":0,"menu_order":0,"comment_status":"closed","ping_status":"closed","template":"","meta":{"footnotes":""},"class_list":["post-7482","page","type-page","status-publish","hentry"],"featured_media_urls":[],"_links":{"self":[{"href":"https:\/\/www.litho-spheres.com\/index.php\/wp-json\/wp\/v2\/pages\/7482","targetHints":{"allow":["GET"]}}],"collection":[{"href":"https:\/\/www.litho-spheres.com\/index.php\/wp-json\/wp\/v2\/pages"}],"about":[{"href":"https:\/\/www.litho-spheres.com\/index.php\/wp-json\/wp\/v2\/types\/page"}],"author":[{"embeddable":true,"href":"https:\/\/www.litho-spheres.com\/index.php\/wp-json\/wp\/v2\/users\/1"}],"replies":[{"embeddable":true,"href":"https:\/\/www.litho-spheres.com\/index.php\/wp-json\/wp\/v2\/comments?post=7482"}],"version-history":[{"count":4,"href":"https:\/\/www.litho-spheres.com\/index.php\/wp-json\/wp\/v2\/pages\/7482\/revisions"}],"predecessor-version":[{"id":7486,"href":"https:\/\/www.litho-spheres.com\/index.php\/wp-json\/wp\/v2\/pages\/7482\/revisions\/7486"}],"wp:attachment":[{"href":"https:\/\/www.litho-spheres.com\/index.php\/wp-json\/wp\/v2\/media?parent=7482"}],"curies":[{"name":"wp","href":"https:\/\/api.w.org\/{rel}","templated":true}]}}