{"id":5550,"date":"2016-12-03T15:08:37","date_gmt":"2016-12-03T14:08:37","guid":{"rendered":"http:\/\/demo.wpzoom.com\/inspiro\/?page_id=5550"},"modified":"2025-11-09T18:36:36","modified_gmt":"2025-11-09T17:36:36","slug":"bienvenue","status":"publish","type":"page","link":"https:\/\/www.litho-spheres.com\/","title":{"rendered":"Bienvenue"},"content":{"rendered":"\t\t<div data-elementor-type=\"wp-page\" data-elementor-id=\"5550\" class=\"elementor elementor-5550\">\n\t\t\t\t\t\t\t\t\t<section class=\"elementor-section elementor-top-section elementor-element elementor-element-f2ff528 elementor-section-boxed elementor-section-height-default elementor-section-height-default\" data-id=\"f2ff528\" data-element_type=\"section\">\n\t\t\t\t\t\t<div class=\"elementor-container elementor-column-gap-no\">\n\t\t\t\t\t<div class=\"elementor-column elementor-col-100 elementor-top-column elementor-element elementor-element-3ed392a8\" data-id=\"3ed392a8\" data-element_type=\"column\">\n\t\t\t<div class=\"elementor-widget-wrap elementor-element-populated\">\n\t\t\t\t\t\t\t\t<div class=\"elementor-element elementor-element-50190c1e elementor-widget elementor-widget-heading\" data-id=\"50190c1e\" data-element_type=\"widget\" data-widget_type=\"heading.default\">\n\t\t\t\t<div class=\"elementor-widget-container\">\n\t\t\t<style>\/*! elementor - v3.7.8 - 02-10-2022 *\/\n.elementor-heading-title{padding:0;margin:0;line-height:1}.elementor-widget-heading .elementor-heading-title[class*=elementor-size-]>a{color:inherit;font-size:inherit;line-height:inherit}.elementor-widget-heading .elementor-heading-title.elementor-size-small{font-size:15px}.elementor-widget-heading .elementor-heading-title.elementor-size-medium{font-size:19px}.elementor-widget-heading .elementor-heading-title.elementor-size-large{font-size:29px}.elementor-widget-heading .elementor-heading-title.elementor-size-xl{font-size:39px}.elementor-widget-heading .elementor-heading-title.elementor-size-xxl{font-size:59px}<\/style><h2 class=\"elementor-heading-title elementor-size-default\">Conception de bijoux<BR>en perles min\u00e9rales<\/h2>\t\t<\/div>\n\t\t\t\t<\/div>\n\t\t\t\t<section class=\"elementor-section elementor-inner-section elementor-element elementor-element-5c9c93d5 elementor-section-full_width elementor-section-height-default elementor-section-height-default\" data-id=\"5c9c93d5\" data-element_type=\"section\">\n\t\t\t\t\t\t<div class=\"elementor-container elementor-column-gap-no\">\n\t\t\t\t\t<div class=\"elementor-column elementor-col-100 elementor-inner-column elementor-element elementor-element-1b5c2c44\" data-id=\"1b5c2c44\" data-element_type=\"column\">\n\t\t\t<div class=\"elementor-widget-wrap elementor-element-populated\">\n\t\t\t\t\t\t\t\t<div class=\"elementor-element elementor-element-45d5aa02 elementor-widget elementor-widget-text-editor\" data-id=\"45d5aa02\" data-element_type=\"widget\" data-widget_type=\"text-editor.default\">\n\t\t\t\t<div class=\"elementor-widget-container\">\n\t\t\t<style>\/*! elementor - v3.7.8 - 02-10-2022 *\/\n.elementor-widget-text-editor.elementor-drop-cap-view-stacked .elementor-drop-cap{background-color:#818a91;color:#fff}.elementor-widget-text-editor.elementor-drop-cap-view-framed .elementor-drop-cap{color:#818a91;border:3px solid;background-color:transparent}.elementor-widget-text-editor:not(.elementor-drop-cap-view-default) .elementor-drop-cap{margin-top:8px}.elementor-widget-text-editor:not(.elementor-drop-cap-view-default) .elementor-drop-cap-letter{width:1em;height:1em}.elementor-widget-text-editor .elementor-drop-cap{float:left;text-align:center;line-height:1;font-size:50px}.elementor-widget-text-editor .elementor-drop-cap-letter{display:inline-block}<\/style>\t\t\t\t\t\t\t\t\t\t<\/div>\n\t\t\t\t<\/div>\n\t\t\t\t\t<\/div>\n\t\t<\/div>\n\t\t\t\t\t\t\t<\/div>\n\t\t<\/section>\n\t\t\t\t\t<\/div>\n\t\t<\/div>\n\t\t\t\t\t\t\t<\/div>\n\t\t<\/section>\n\t\t\t\t<section class=\"elementor-section elementor-top-section elementor-element elementor-element-4766157 elementor-section-boxed elementor-section-height-default elementor-section-height-default\" data-id=\"4766157\" data-element_type=\"section\">\n\t\t\t\t\t\t<div class=\"elementor-container elementor-column-gap-default\">\n\t\t\t\t\t<div class=\"elementor-column elementor-col-66 elementor-top-column elementor-element elementor-element-e28a47c\" data-id=\"e28a47c\" data-element_type=\"column\">\n\t\t\t<div class=\"elementor-widget-wrap elementor-element-populated\">\n\t\t\t\t\t\t\t\t<div class=\"elementor-element elementor-element-e688325 elementor-widget elementor-widget-text-editor\" data-id=\"e688325\" data-element_type=\"widget\" data-widget_type=\"text-editor.default\">\n\t\t\t\t<div class=\"elementor-widget-container\">\n\t\t\t\t\t\t\t<p>Bonjour et bienvenue dans mon univers min\u00e9ral !<\/p><p>L&rsquo;\u00e9merveillement devant la beaut\u00e9 de certaines pierres naturelles, les sensations \u00e0 leur contact et l&rsquo;envie irr\u00e9sistible de les faire tourner entre les doigts pour en admirer les multiples \u00e9clats et en ressentir la mati\u00e8re, m&rsquo;ont pouss\u00e9 un jour, \u00e0 tenter de les mettre en valeur dans le cadre de la r\u00e9alisation de bijoux.<\/p><p>J&rsquo;ai donc cr\u00e9\u00e9 ce site afin de pr\u00e9senter mes cr\u00e9ations dont le point commun est de toutes contenir des perles min\u00e9rales authentiques. Diff\u00e9rents bracelets, colliers, boucles d&rsquo;oreilles, bagues et m\u00eame chapelets y sont pr\u00e9sents dans diff\u00e9rents styles et coloris. Ceci est la pr\u00e9sentation d&rsquo;un travail personnel destin\u00e9 initialement \u00e0 mon entourage proche mais qui, de fils en perles, me permet aussi aujourd&rsquo;hui, de r\u00e9aliser des bijoux pour d&rsquo;autres personnes qui m&rsquo;en font la demande.<\/p><p>Les perles qui rentrent dans la composition de ces bijoux sont toutes soigneusement s\u00e9lectionn\u00e9es pour leur qualit\u00e9 et leur authenticit\u00e9. La grande majorit\u00e9 d&rsquo;entre elles sont min\u00e9rales mais peuvent \u00eatre aussi accompagn\u00e9es d&rsquo;autres perles et d\u00e9corations en nacre, en c\u00e9ramique, en cristal ou en cuir selon les mod\u00e8les. Les origines des perles et pierres brutes utilis\u00e9es sont diverses ; elles viennent des cinq continents, parfois de tr\u00e8s loin, mais aussi de tr\u00e8s pr\u00e8s, dans le cas de pierres locales glan\u00e9es au cours de promenades et que j&rsquo;utilise notamment dans des pendentifs Pierres \/ R\u00e9sine.\u00a0<\/p><p>Tous les autres \u00e9l\u00e9ments d\u00e9coratifs (perles intercalaires, breloques, pi\u00e8ces de montage, cha\u00eenettes, appr\u00eats et estampes) sont faits en acier Inox, argent 925 milli\u00e8mes ou alliage de m\u00e9taux s\u00e9lectionn\u00e9s pour leur durabilit\u00e9 et leur innocuit\u00e9. Le cuir et le Nylon cir\u00e9 sont aussi employ\u00e9s comme cordon en fonction des cas, pour apporter de la rusticit\u00e9 ou de la fantaisie.<\/p><p>Je vous laisse d\u00e9couvrir ces cr\u00e9ations.\u00a0J&rsquo;esp\u00e8re que vous les appr\u00e9cierez.\u00a0\u00a0 \ud83d\ude09<\/p><p>Si vous d\u00e9sirez que je r\u00e9alise pour vous un projet de bijoux ou de parrure, vous pouvez me contacter pour me pr\u00e9ciser votre souhait. Le budget minimum est d&rsquo;environ 30 \u00e0 40 euros pour les pi\u00e8ces les plus simples et monte avec la complexit\u00e9, les pierres employ\u00e9es et le temps pass\u00e9. La r\u00e9alisation faite sera unique et 100% fait-main.<\/p><p>Enfin, allez donc faire un tour dans le menu \u00ab\u00a0Les pierres\u00a0\u00bb qui vous permettra de d\u00e9couvrir les principales pierres que j&rsquo;utilise, mais aussi j&rsquo;esp\u00e8re, de vous \u00e9merveiller devant des perles un peu \u00ab\u00a0particuli\u00e8res\u00a0\u00bb que j&rsquo;ai pu d\u00e9couvrir dans mon stock au fil de mes r\u00e9alisations. Tant\u00f4t merveilleuses \u00ab\u00a0gueules cass\u00e9es\u00a0\u00bb, parfois Patchwork inattendus de plusieurs min\u00e9raux, quelques rares fois, v\u00e9ritables g\u00e9odes miniatures aux cavit\u00e9s secr\u00e8tes, ou tout simplement parfaites par leur harmonie des couleurs et les motifs dont elles se parent, je vous propose de contempler ces pierres gr\u00e2ce \u00e0 des clich\u00e9s pris en macrophotographie.<\/p><div><div>Vos avis, remarques ou questions sur ce site ou mes cr\u00e9ations sont les bienvenus.<\/div><div>\u00a0<\/div><\/div><p>A bient\u00f4t j&rsquo;esp\u00e8re !<\/p>\t\t\t\t\t\t<\/div>\n\t\t\t\t<\/div>\n\t\t\t\t\t<\/div>\n\t\t<\/div>\n\t\t\t\t<div class=\"elementor-column elementor-col-33 elementor-top-column elementor-element elementor-element-5f66c71\" data-id=\"5f66c71\" data-element_type=\"column\">\n\t\t\t<div class=\"elementor-widget-wrap elementor-element-populated\">\n\t\t\t\t\t\t\t\t<div class=\"elementor-element elementor-element-3345a12 elementor-widget elementor-widget-image\" data-id=\"3345a12\" data-element_type=\"widget\" data-widget_type=\"image.default\">\n\t\t\t\t<div class=\"elementor-widget-container\">\n\t\t\t<style>\/*! elementor - v3.7.8 - 02-10-2022 *\/\n.elementor-widget-image{text-align:center}.elementor-widget-image a{display:inline-block}.elementor-widget-image a img[src$=\".svg\"]{width:48px}.elementor-widget-image img{vertical-align:middle;display:inline-block}<\/style>\t\t\t\t\t\t\t\t\t\t\t\t<img decoding=\"async\" src=\"https:\/\/www.litho-spheres.com\/wp-content\/uploads\/2022\/10\/Bracelet-Hematite-Agate-Pierre_de_lave-scaled.jpg\" title=\"Bracelet-H\u00e9matite-Agate-Pierre_de_lave\" alt=\"Bracelet-H\u00e9matite-Agate-Pierre_de_lave\" \/>\t\t\t\t\t\t\t\t\t\t\t\t\t\t\t<\/div>\n\t\t\t\t<\/div>\n\t\t\t\t<div class=\"elementor-element elementor-element-b7cdcf6 elementor-widget elementor-widget-image\" data-id=\"b7cdcf6\" data-element_type=\"widget\" data-widget_type=\"image.default\">\n\t\t\t\t<div class=\"elementor-widget-container\">\n\t\t\t\t\t\t\t\t\t\t\t\t\t\t\t<img loading=\"lazy\" decoding=\"async\" width=\"497\" height=\"662\" src=\"https:\/\/www.litho-spheres.com\/wp-content\/uploads\/2025\/05\/Resine100.jpg\" class=\"attachment-large size-large\" alt=\"\" srcset=\"https:\/\/www.litho-spheres.com\/wp-content\/uploads\/2025\/05\/Resine100.jpg 497w, https:\/\/www.litho-spheres.com\/wp-content\/uploads\/2025\/05\/Resine100-225x300.jpg 225w\" sizes=\"auto, 100vw\" \/>\t\t\t\t\t\t\t\t\t\t\t\t\t\t\t<\/div>\n\t\t\t\t<\/div>\n\t\t\t\t<div class=\"elementor-element elementor-element-29020ed elementor-widget elementor-widget-image\" data-id=\"29020ed\" data-element_type=\"widget\" data-widget_type=\"image.default\">\n\t\t\t\t<div class=\"elementor-widget-container\">\n\t\t\t\t\t\t\t\t\t\t\t\t\t\t\t<img loading=\"lazy\" decoding=\"async\" width=\"673\" height=\"662\" src=\"https:\/\/www.litho-spheres.com\/wp-content\/uploads\/2025\/05\/Bracelet-Inox.jpg\" class=\"attachment-large size-large\" alt=\"\" srcset=\"https:\/\/www.litho-spheres.com\/wp-content\/uploads\/2025\/05\/Bracelet-Inox.jpg 673w, https:\/\/www.litho-spheres.com\/wp-content\/uploads\/2025\/05\/Bracelet-Inox-300x295.jpg 300w, https:\/\/www.litho-spheres.com\/wp-content\/uploads\/2025\/05\/Bracelet-Inox-600x590.jpg 600w\" sizes=\"auto, 100vw\" \/>\t\t\t\t\t\t\t\t\t\t\t\t\t\t\t<\/div>\n\t\t\t\t<\/div>\n\t\t\t\t<div class=\"elementor-element elementor-element-7bfea4a elementor-widget elementor-widget-image\" data-id=\"7bfea4a\" data-element_type=\"widget\" data-widget_type=\"image.default\">\n\t\t\t\t<div class=\"elementor-widget-container\">\n\t\t\t\t\t\t\t\t\t\t\t\t\t\t\t<img loading=\"lazy\" decoding=\"async\" width=\"640\" height=\"1024\" src=\"https:\/\/www.litho-spheres.com\/wp-content\/uploads\/2023\/07\/Collier-02-640x1024.jpg\" class=\"attachment-large size-large\" alt=\"\" srcset=\"https:\/\/www.litho-spheres.com\/wp-content\/uploads\/2023\/07\/Collier-02-640x1024.jpg 640w, https:\/\/www.litho-spheres.com\/wp-content\/uploads\/2023\/07\/Collier-02-188x300.jpg 188w, https:\/\/www.litho-spheres.com\/wp-content\/uploads\/2023\/07\/Collier-02-768x1229.jpg 768w, https:\/\/www.litho-spheres.com\/wp-content\/uploads\/2023\/07\/Collier-02-960x1536.jpg 960w, https:\/\/www.litho-spheres.com\/wp-content\/uploads\/2023\/07\/Collier-02-1280x2048.jpg 1280w, https:\/\/www.litho-spheres.com\/wp-content\/uploads\/2023\/07\/Collier-02-600x960.jpg 600w, https:\/\/www.litho-spheres.com\/wp-content\/uploads\/2023\/07\/Collier-02.jpg 1600w\" sizes=\"auto, 100vw\" \/>\t\t\t\t\t\t\t\t\t\t\t\t\t\t\t<\/div>\n\t\t\t\t<\/div>\n\t\t\t\t\t<\/div>\n\t\t<\/div>\n\t\t\t\t\t\t\t<\/div>\n\t\t<\/section>\n\t\t\t\t<section class=\"elementor-section elementor-top-section elementor-element elementor-element-2004e66 elementor-section-boxed elementor-section-height-default elementor-section-height-default\" data-id=\"2004e66\" data-element_type=\"section\">\n\t\t\t\t\t\t<div class=\"elementor-container elementor-column-gap-default\">\n\t\t\t\t\t<div class=\"elementor-column elementor-col-100 elementor-top-column elementor-element elementor-element-f25e936\" data-id=\"f25e936\" data-element_type=\"column\">\n\t\t\t<div class=\"elementor-widget-wrap elementor-element-populated\">\n\t\t\t\t\t\t\t\t<div class=\"elementor-element elementor-element-07edd67 elementor-align-center elementor-widget elementor-widget-button\" data-id=\"07edd67\" data-element_type=\"widget\" data-widget_type=\"button.default\">\n\t\t\t\t<div class=\"elementor-widget-container\">\n\t\t\t\t\t<div class=\"elementor-button-wrapper\">\n\t\t\t<a href=\"https:\/\/www.litho-spheres.com\/index.php\/contact-2\/\" class=\"elementor-button-link elementor-button elementor-size-md\" role=\"button\">\n\t\t\t\t\t\t<span class=\"elementor-button-content-wrapper\">\n\t\t\t\t\t\t<span class=\"elementor-button-text\">Pour me contacter ...<\/span>\n\t\t<\/span>\n\t\t\t\t\t<\/a>\n\t\t<\/div>\n\t\t\t\t<\/div>\n\t\t\t\t<\/div>\n\t\t\t\t\t<\/div>\n\t\t<\/div>\n\t\t\t\t\t\t\t<\/div>\n\t\t<\/section>\n\t\t\t\t\t\t\t<\/div>\n\t\t","protected":false},"excerpt":{"rendered":"<p>Conception de bijouxen perles min\u00e9rales Bonjour et bienvenue dans mon univers min\u00e9ral ! L&rsquo;\u00e9merveillement devant la beaut\u00e9 de certaines pierres naturelles, les sensations \u00e0 leur contact et l&rsquo;envie irr\u00e9sistible de les faire tourner entre les doigts pour en admirer les multiples \u00e9clats et en ressentir la mati\u00e8re, m&rsquo;ont pouss\u00e9 un jour, \u00e0 tenter de les &hellip; <\/p>\n<p class=\"link-more\"><a href=\"https:\/\/www.litho-spheres.com\/\" class=\"more-link\">Lire la suite de<span class=\"screen-reader-text\">\u00ab\u00a0Bienvenue\u00a0\u00bb<\/span><\/a><\/p>\n","protected":false},"author":1,"featured_media":0,"parent":0,"menu_order":0,"comment_status":"closed","ping_status":"closed","template":"page-templates\/homepage-builder-bb.php","meta":{"footnotes":""},"class_list":["post-5550","page","type-page","status-publish","hentry"],"featured_media_urls":[],"_links":{"self":[{"href":"https:\/\/www.litho-spheres.com\/index.php\/wp-json\/wp\/v2\/pages\/5550","targetHints":{"allow":["GET"]}}],"collection":[{"href":"https:\/\/www.litho-spheres.com\/index.php\/wp-json\/wp\/v2\/pages"}],"about":[{"href":"https:\/\/www.litho-spheres.com\/index.php\/wp-json\/wp\/v2\/types\/page"}],"author":[{"embeddable":true,"href":"https:\/\/www.litho-spheres.com\/index.php\/wp-json\/wp\/v2\/users\/1"}],"replies":[{"embeddable":true,"href":"https:\/\/www.litho-spheres.com\/index.php\/wp-json\/wp\/v2\/comments?post=5550"}],"version-history":[{"count":212,"href":"https:\/\/www.litho-spheres.com\/index.php\/wp-json\/wp\/v2\/pages\/5550\/revisions"}],"predecessor-version":[{"id":7688,"href":"https:\/\/www.litho-spheres.com\/index.php\/wp-json\/wp\/v2\/pages\/5550\/revisions\/7688"}],"wp:attachment":[{"href":"https:\/\/www.litho-spheres.com\/index.php\/wp-json\/wp\/v2\/media?parent=5550"}],"curies":[{"name":"wp","href":"https:\/\/api.w.org\/{rel}","templated":true}]}}